alse
Is 22 a factor of 682?
True
Is 39 a factor of 2934?
False
Is 37350 a multiple of 77?
False
Is 1941 a multiple of 18?
False
Does 30 divide 85509?
False
Is 321 a multiple of 2?
False
Does 91 divide 860?
False
Is 53 a factor of 35746?
False
Does 17 divide 104764?
False
Is 3731 a multiple of 9?
False
Is 24 a factor of 14808?
True
Is 24 a factor of 1200?
True
Is 58 a factor of 28221?
False
Is 22 a factor of 3828?
True
Is 18 a factor of 34416?
True
Is 8 a factor of 424?
True
Is 42 a factor of 541?
False
Does 106 divide 4664?
True
Is 89 a multiple of 3?
False
Is 4 a factor of 28?
True
Does 17 divide 6424?
False
Does 66 divide 13398?
True
Does 7 divide 7672?
True
Is 105 a multiple of 2?
False
Is 26 a factor of 15366?
True
Does 301 divide 27391?
True
Does 82 divide 141401?
False
Does 56 divide 1344?
True
Is 10 a factor of 73?
False
Is 13 a factor of 1155?
False
Is 48 a factor of 720?
True
Is 23714 a multiple of 71?
True
Does 23 divide 51?
False
Is 19059 a multiple of 29?
False
Is 3626 a multiple of 12?
False
Is 12 a factor of 420?
True
Is 102 a factor of 1530?
True
Does 124 divide 18972?
True
Is 4566 a multiple of 14?
False
Does 191 divide 15253?
False
Does 106 divide 40362?
False
Does 24 divide 23123?
False
Does 14 divide 1132?
False
Does 21 divide 27573?
True
Is 4 a factor of 9340?
True
Does 5 divide 1044?
False
Is 167 a factor of 11898?
False
Does 51 divide 2230?
False
Does 13 divide 7800?
True
Is 84 a multiple of 42?
True
Does 63 divide 22554?
True
Does 44 divide 63008?
True
Does 16 divide 211?
False
Does 9 divide 5273?
False
Is 7 a factor of 2441?
False
Is 8 a factor of 958?
False
Does 51 divide 1020?
True
Does 29 divide 90248?
True
Is 78 a factor of 280?
False
Is 328 a multiple of 82?
True
Is 12 a factor of 579?
False
Does 20 divide 32680?
True
Does 3 divide 288?
True
Is 13 a factor of 17823?
True
Is 16 a factor of 449?
False
Is 11 a factor of 8922?
False
Is 25 a multiple of 7?
False
Does 30 divide 1937?
False
Does 45 divide 3150?
True
Is 10912 a multiple of 248?
True
Does 22 divide 566?
False
Does 20 divide 660?
True
Is 77 a multiple of 11?
True
Is 11 a factor of 1067?
True
Does 160 divide 960?
True
Does 197 divide 14182?
False
Is 355 a multiple of 71?
True
Is 12 a factor of 463?
False
Does 7 divide 827?
False
Is 5 a factor of 474?
False
Is 3 a factor of 65?
False
Is 5415 a multiple of 4?
False
Is 2 a factor of 2520?
True
Is 1295 a multiple of 24?
False
Is 2 a factor of 703?
False
Does 60 divide 1140?
True
Is 2 a factor of 14153?
False
Does 21 divide 354?
False
Is 1320 a multiple of 22?
True
Is 70727 a multiple of 146?
False
Is 2628 a multiple of 146?
True
Is 2 a factor of 396?
True
Does 53 divide 2120?
True
Is 1608 a multiple of 91?
False
Is 707 a multiple of 76?
False
Is 230 a factor of 28328?
False
Is 76 a factor of 12839?
False
Is 18 a factor of 4122?
True
Is 3926 a multiple of 26?
True
Is 12 a factor of 4440?
True
Is 701 a multiple of 18?
False
Does 15 divide 165?
True
Is 8790 a multiple of 10?
True
Is 46094 a multiple of 38?
True
Is 2 a factor of 954?
True
Does 15 divide 1863?
False
Does 6 divide 165?
False
Does 24 divide 168?
True
Does 13 divide 780?
True
Is 1248 a multiple of 16?
True
Is 3 a factor of 395?
False
Is 6660 a multiple of 90?
True
Does 2 divide 35?
False
Does 30 divide 330?
True
Does 7 divide 75?
False
Is 96 a factor of 5472?
True
Does 37 divide 2917?
False
Does 14 divide 2309?
False
Is 8355 a multiple of 11?
False
Is 17 a factor of 17?
True
Does 11 divide 3152?
False
Does 4 divide 253?
False
Is 10 a factor of 518?
False
Is 27 a factor of 226?
False
Does 21 divide 1008?
True
Is 2 a factor of 1046?
True
Is 479 a factor of 30511?
False
Is 3558 a multiple of 56?
False
Is 23 a factor of 805?
True
Is 609 a multiple of 2?
False
Is 29 a factor of 2936?
False
Does 79 divide 527?
False
Is 33 a factor of 67155?
True
Does 175 divide 20300?
True
Is 9 a factor of 107451?
True
Is 210 a factor of 14280?
True
Does 61 divide 87672?
False
Is 135 a factor of 7425?
True
Is 73 a factor of 5256?
True
Does 101 divide 9459?
False
Is 3716 a multiple of 51?
False
Is 6 a factor of 4770?
True
Is 3592 a multiple of 8?
True
Is 3798 a multiple of 13?
False
Is 6159 a multiple of 2?
False
Does 10 divide 2123?
False
Is 3 a factor of 2999?
False
Does 23 divide 52607?
False
Is 206 a factor of 15429?
False
Does 23 divide 7061?
True
Is 15 a factor of 97935?
True
Does 72 divide 4680?
True
Is 149 a factor of 4768?
True
Does 99 divide 2772?
True
Does 26 divide 11145?
False
Is 680 a multiple of 11?
False
Is 48 even?
True
Is 3900 a multiple of 187?
False
Is 5958 a multiple of 331?
True
Is 96 a factor of 8803?
False
Is 506 a multiple of 46?
True
Is 18157 a multiple of 12?
False
Is 22542 a multiple of 26?
True
Is 3069 even?
False
Is 8 a factor of 20944?
True
Is 305 a multiple of 50?
False
Does 54 divide 756?
True
Is 10 a factor of 1280?
True
Is 742 a multiple of 2?
True
Is 264 even?
True
Does 57 divide 1256?
False
Is 12384 a multiple of 72?
True
Is 29 a factor of 522?
True
Is 36 a factor of 396?
True
Does 23 divide 920?
True
Is 10661 a multiple of 7?
True
Does 33 divide 493?
False
Is 8 a factor of 3094?
False
Is 745 a multiple of 20?
False
Does 33 divide 73?
False
Is 3507 a multiple of 58?
False
Is 4392 a multiple of 29?
False
Is 12 a factor of 2240?
False
Is 179 a factor of 6265?
True
Is 121 a factor of 47106?
False
Does 97 divide 3976?
False
Is 44 a factor of 5280?
True
Is 142 a factor of 11645?
False
Is 3 a factor of 108?
True
Does 28 divide 4732?
True
Does 16 divide 1707?
False
Is 6554 a multiple of 19?
False
Is 27704 a multiple of 42?
False
Does 4 divide 412?
True
Is 414 a multiple of 35?
False
Is 18 a factor of 1122?
False
Is 2 a factor of 1172?
True
Is 19 a factor of 429?
False
Is 15 a factor of 96285?
True
Does 42 divide 582?
False
Is 6494 a multiple of 11?
False
Is 39 a factor of 1768?
False
Is 8 a factor of 17247?
False
Is 28 a factor of 453?
False
Does 11 divide 143?
True
Is 8 a factor of 128?
True
Does 5 divide 3085?
True
Does 24 divide 432?
True
Is 64 a factor of 644?
False
Does 253 divide 11638?
True
Is 571 a multiple of 9?
False
Does 20 divide 18708?
False
Is 5292 even?
True
Is 109 a factor of 4142?
True
Is 707 a multiple of 7?
True
Does 191 divide 135419?
True
Does 13 divide 8595?
False
Is 103 a factor of 7416?
True
Does 26 divide 42572?
False
Is 4536 a multiple of 8?
True
Is 1168 a multiple of 25?
False
Is 36309 a multiple of 49?
True
Is 18 a factor of 2772?
True
Does 174 divide 19836?
True
Does 88 divide 2514?
False
Is 3400 a multiple of 9?
False
Does 18 divide 359?
False
Does 3 divide 144?
True
Is 2080 a multiple of 160?
True
Is 9 a factor of 84?
False
Is 66 a factor of 3102?
True
Is 15 a factor of 2881?
False
Is 8 a factor of 1470?
False
Does 145 divide 4494?
False
Is 28 a factor of 644?
True
Is 3120 a multiple of 12?
True
Does 25 divide 87?
False
Is 16605 a multiple of 119?
False
Does 27 divide 13419?
True
Is 1080 a multiple of 19?
False
Is 13 a factor of 299?
True
Is 511 a multiple of 31?
False
Does 10 divide 77690?
True
Does 15 divide 915?
True
Is 72 a factor of 4464?
True
Does 4 divide 532?
True
Does 4 divide 163?
False
Is 11537 a multiple of 34?
False
Does 8 divide 233?
False
Is 4144 a multiple of 4?
True
Does 17 divide 518?
False
Does 136 divide 1465?
False
Is 44 a factor of 4004?
True
Is 177 a factor of 38860?
False
Does 186 divide 31612?
False
Is 8755 a multiple of 12?
False
Does 166 divide 18758?
True
Is 13 a factor of 1287?
True
Is 56 a factor of 112?
True
Is 70 a factor of 20440?
True
Does 3 divide 251?
False
Does 8 divide 302?
False
Is 1019 a multiple of 8?
False
Does 61 divide 37551?
False
Does 21 divide 206?
False
Is 15 a factor of 2219?
False
Is 319 a multiple of 31?
False
Is 38978 a multiple of 44?
False
Does 46 divide 276?
True
Is 287 a multiple of 14?
False
Does 28 divide 8260?
True
Is 79420 a multiple of 95?
True
Is 2475 a multiple of 25?
True
Does 8 divide 9216?
True
Does 25 divide 94025?
True
Is 104 a factor of 4729?
False
Does 2 divide 1422?
True
Is 13 a factor of 3887?
True
Is 20 a factor of 7620?
True
Does 5 divide 440?
True
Is 13 a factor of 20085?
True
Does 206 divide 17304?
True
Is 33 a factor of 1230?
False
Does 69 divide 2139?
True
Is 49 a multiple of 5?
False
Is 3 a factor of 602?
False
Does 9 divide 1805?
Fals